- -9)) + (-2 + -2 - -2)?
0
What is the value of (40 + -23 - 20) + -7?
-10
What is 8 - (-2 + (-5 - (6 - (9 + -2))))?
14
-194 + 222 - (-5 - -10)
23
Evaluate 3 + 2 - -3 - (-27 - -56 - 22).
1
8 - ((-3 - -11) + 8)
-8
What is the value of -40 - -53 - 29 - (1 + 4)?
-21
Evaluate -18 - -16 - (10 - (-2 - -4)).
-10
-1 - 6 - (0 + 1) - (229 + -232)
-5
Calculate -15 + 13 + 10 + -18 + (-4 - -1).
-13
-45 + 16 - (13 + -26)
-16
What is the value of (0 - 7) + -1 + (4 - 1)?
-5
Evaluate -8 + (19 - (10 - 12)) - -7.
20
Evaluate (-6 - 2 - (-11 + 1)) + 0 - -5.
7
Calculate (7 - (19 - (7 - 1)) - 2) + 3.
-5
Evaluate 6 - 17 - (-20 - -19) - -2.
-8
Evaluate -35 - 36 - -39 - -30.
-2
Evaluate -17 - -21 - -28 - 60.
-28
-12 - -5 - (15 + -24)
2
What is the value of 3 + (6 + (-2 - 11) + 2 - -7)?
5
Evaluate -1 + 2 + -4 - ((-17 - -2) + 7).
5
-25 + 12 + (-2 - -6) + 0
-9
Calculate 0 + 3 + (-2 - 7) + 12 + -1.
5
What is 16 - (3 - (2 - 9))?
6
What is 21 - (-1 + -2 - 3 - (19 - 21))?
25
What is the value of (2 + 6 - (18 - (1 + 6))) + -12?
-15
What is (-10 - -3) + (5 + (8 - 9) - 2)?
-5
What is the value of -3 + (-4 + 9 - 2) + 7 + 0?
7
What is the value of 27 + 8 + -5 + -49?
-19
What is 17 + (7 - 33) + 16?
7
20 + -4 - 15 - 15
-14
Evaluate (-1 - 10) + (-40 - -41) + 40 + -1.
29
Evaluate 11 + (0 - -11 - 10) + 3.
15
Evaluate (-1 - -2) + (9 - 2) - (104 + -87).
-9
What is the value of (9 - (3 - (-18 - -9))) + 37 - 12?
22
Calculate -6 - (-1 + (10 + -9 - -5)).
-11
Evaluate -3 + -28 + -2 + (-16 - -23).
-26
Evaluate (-32 - 0) + ((7 - -3) + 5 - 16).
-33
What is -8 + -18 + 11 + (10 - 0 - -3)?
-2
Calculate -15 - -9 - (3 + 5 - 1).
-13
Calculate (-52 - 11 - -16) + 15 - (-8 + 0).
-24
(-3 - -2) + (20 - 4) + -22
-7
Evaluate -16 + (40 - 19) + 0.
5
Calculate 28 - (-4 + -6 + 29).
9
Calculate (1 - 12 - (7 - 10) - -3) + -1.
-6
What is 8 + (-24 + 1 - -2)?
-13
Evaluate 12 - (6 - (-1 - -3 - -7)).
15
What is -8 + -6 + -10 + -1 + 15?
-10
What is the value of -16 + (4 + 5 - (-2 - -4)) - 7?
-16
Evaluate -47 + 19 + 20 + -19.
-27
What is -8 - (-10 - (-9 + (6 - 9)))?
-10
What is the value of 13 - (6 - (-16 + 14))?
5
9 - (7 - (1 - -6 - 6))
3
Calculate (-20 - 1) + (418 - 400).
-3
What is the value of 2 - 3 - ((-1 - 0) + 28 + -22)?
-6
Evaluate 7 - ((10 - 6) + -1) - (14 + 1).
-11
-44 - (-2 - (35 - 18))
-25
9 + 15 + (4 - 14)
14
What is the value of 2 + 16 + -20 + 1 + -1?
-2
11 + (3 - -6 - 33) - (-1 + 0)
-12
Calculate (0 - -24) + (12 + -21 - -19) + -20.
14
What is the value of (-1 - -16) + -7 + -40 - -8?
-24
What is (37 - 12) + -25 + 12?
12
Evaluate 7 - -1 - ((11 + -21 - -15) + -7).
10
Calculate 15 + (-29 + 57 + -32 - (-1 + -2)).
14
What is (-2 - (-12 + -3 - -43)) + 8?
-22
Evaluate 2 + (-1 - -4) + (11 + 4 - 27).
-7
What is the value of (-9 - -7) + (6 - (0 + 10)) + 11?
5
Calculate -37 + 24 - (-20 + 13).
-6
What is the value of (-11 - -5) + -7 + (10 - 8) + -4?
-15
10 - ((-3 - -7) + 7 - (-17 + 44))
26
Calculate 4 + 1 - (2 + -8 + 5 - 0).
6
-1 + -7 + (1 + 0 + -6 - -6)
-7
Calculate -2 + -12 + (4 + -12 + 7 - -1).
-14
What is -1 + 1 + 7 + 64 + -56?
15
What is the value of -35 + 86 + -40 + -25 + 0?
-14
What is the value of (1 - (9 + 2)) + -330 + 327?
-13
What is the value of (11 - ((-6 - 3) + 15)) + (-1 - 21)?
-17
What is 1 - 20 - (282 + -295)?
-6
(3 - -7 - (9 - -7)) + 15 - 7
2
Evaluate 1 + 3 + (-22 - -10).
-8
What is -4 - ((8 + -6 - 0) + -14) - -4?
12
-1 + (-2 - (14 - -4) - (-44 - -41))
-18
What is -6 - 0 - (-16 - -12 - 1)?
-1
-4 + -4 + 0 + -73 + 97
16
-6 + (-13 - (-10 - -5)) + 3
-11
What is -4 + 0 - (-257 + 243)?
10
Evaluate (-48 - -64) + (-4 - 8).
4
-8 - (-8 - -20 - 1)
-19
Evaluate 5 + -10 - 18 - (-20 + 12).
-15
16 - (12 - 1) - -1 - 4
2
What is the value of -20 - (17 - (16 + 0))?
-21
10 + (10 - (9 + -21 + 18))
14
What is the value of 0 + 0 + 0 - -1 - (50 + -63)?
14
What is the value of (-17 - 2) + -6 + 14 - -13?
2
What is the value of -78 + 17 + 67 + (-27 - 1)?
-22
What is 0 - 11 - (-259 + 245)?
3
What is the value of (4 - 1) + (-11 - (-25 + 26))?
-9
What is the value of (16 - 20) + (3 - -16) - (1 + 2)?
12
Calculate 27 + (-30 - (-19 - 8)).
24
Evaluate 8 - ((-13 - -10) + 9).
2
What is -3 + (14 - 5) - (-6 + -6 + 6)?
12
Calculate -1 - ((-13 - -32) + -2 + -13).
-5
What is the value of 14 + -29 + 0 + 5?
-10
(2 - (-2 + 1 - 3)) + 0
6
Evaluate -58 + 67 - (-2 - (2 - 0)).
13
Calculate 6 + ((6 - 12) + 5 - 9).
-4
What is the value of -4 - 0 - (-2 - (-3 + (-4 - -4)))?
-5
What is the value of 39 - (-47 + 37 - (2 + (2 - 23)))?
30
What is the value of (251 - 281) + (-2 - -19)?
-13
-4 + (3 - 1) + (-5 - -38 - 29)
2
Evaluate -1 + 1 + -2 + -98 + 108.
8
-2 + -8 + (13 - (8 + -5))
0
Evaluate -43 - (-56 - -9) - (1 + 2 + 22).
-21
Evaluate (3 - -25 - 12) + -13.
3
Calculate -11 + -13 + 3 + 10.
-11
Calculate (-2 - -1) + (-465 - -455).
-11
Evaluate 0 - (15 + 2 - (4 + -6) - 3).
-16
Calculate 27 + (-261 + 269 - (18 + -2)).
19
What is the value of (16 - 15 - 13) + 13 - 9?
-8
What is (7 - (10 - 1) - -5) + 8?
11
What is -23 + 0 - (4 + 21 + -34)?
-14
What is -15 + (60 - (44 + -6))?
7
What is -6 - (-21 - (-16 - 2) - 37)?
34
What is 31 + 0 - (-28 + 35 - (1 - -2))?
27
-4 - (7 + -4) - (-9 + -5 + -6)
13
Evaluate -16 - -14 - (6 - (1 + 4 - -5)).
2
What is 4 + -5 + -1 + 3 + -11 + 8?
-2
Calculate (21 - (14 + (-4 - 4))) + -7.
8
Calculate 17 - (-37 - (13 + -35)).
32
What is (2 - -13) + (19 - 1 - (722 - 712))?
23
What is 7 + 1 + (-27 - (-2 + -2))?
-15
Evaluate (-10 - 30) + 0 + (-9 - (4 - 20)).
-33
Calculate -1 + 1 + (-4 - -2) + -92 + 103.
9
-2 - (-7 + 11 + -4 - -23)
-25
What is the value of 45 + -22 + -24 - 38?
-39
What is the value of -4 - (4 + 5 + (-21 - -7) + 14)?
-13
What is the value of 96 - 89 - (1 + 1) - (7 - -1)?
-3
Calculate -9 + (14 - 7) - (-1 + 6).
-7
Evaluate (-6 - (-1 + 0 + -58 + 57)) + 0.
-4
-9 + 14 + -13 + -8
-16
What is (-7 + 21 - 9 - 11) + (1 - -24)?
19
Calculate -15 - (11 + -2 + -4 + -9 - -7).
-18
-20 + 13 + 1 + (0 - -6) - 4
-4
What is the value of 7 + (2 + -6 - 5) + -4?
-6
What is the value of -1 + (-19 - -16) + -8?
-12
Evaluate 123 - 129 - (-2 - (2 + 6)).
4
Calculate -12 + -206 + 210 + 1 + (-1 - -17).
9
(6 - 1) + (1 - (-7 - (-8 - 5)))
0
What is -2 - (-2 + 6 + -2) - (-64 + 43)?
17
-15 + -18 + 23 + (1 - 5)
-14
What is the value of -17 + 12 - -1 - (5 - -3)?
-12
Evaluate -7 + 5 + (6 - 3 - 3 - 0).
-2
Evaluate -14 + (8 - (14 + -14)).
-6
Evaluate (-6 + 3 - (4 + -1)) + (33 - 37).
-10
Evaluate 13 + 6 + (4 - 16).
7
Evaluate 13 - 0 - (34 - (65 - 34)).
10
Evaluate (20 - 21) + 13 + 0.
12
What is the value of 8 - 0 - (-24 + (19 - -20)) - -7?
0
(-67 - -91 - 47) + 1 + 10
-12
What is the value of (7 - -5) + 24 + -19?
17
What is (-13 + 11 - -6) + 8?
12
What is the value of -51 - -47 - (3 + -5 + (2 - 0))?
-4
Evaluate (-7 - -24 - 14) + 6 - -13.
22
7 + (17 - 1) + (-16 - (14 - 23))
16
What is the value of 5 - -2 - (3 + -4 + 6)?
2
Calculate -8 - (-4 + 2 + -1 - (32 - 33)).
-6
Calculate 20 + (-3 - (1 - -5)) + 1 + 15.
27
What is (-41 - (-5 - -11 - 3)) + 14 + -3?
-33
Evaluate (-1 - 0) + 30 + (348 - 347).
30
Calculate -8 + (-6 - (-41 + 24 + 0 + 12)).
-9
Calculate -9 + (3 - 0) + (-15 - -29) + 4.
12
Calculate -29 + (5 - (0 + 2)) + -288 + 293.
-21
Calculate 5 - 4 - (26 + (-3 - 17)).
-5
Evaluate -14 + (5 - (5 + 5)) + 8.
-11
(27 + -7 - 2 - -6 - -6) + 2
32
What is the value of -3 - (24 + -25 - 28)?
26
-7 - (10 - 9 - (3 - -1))
-4
What is -11 + (23 + -13 - (-1 + -3 + 10))?
-7
What is (-22 - -36) + -11 + -19 + 2 + -2?
-16
Evaluate -80 + 10 + 16 - -27.
-27
Evaluate 7 - (5 + -1 + 3) - (5 + 2).
-7
What is 14 - (-7 - (16 + 7) - -12)?
32
Evaluate (-27 - -36) + -10 + -41.
-42
What is -39 + (0 - -1) + (5 - 14) + 13?
-34
What is 72 + -110 + 28 + -2?
-12
-5 + (-23 - (-26 + 9) - (1 + -15))
3
Calculate 0 + 4 + (1 - (11 - (1 + 3))).
-2
Evaluate -9 + 7 + 12 + -4.
6
Calculate 19 - ((-13 - -11) + 9).
12
What is the value of 10 - (16 + -12) - -6?
12
What is the value of -10 + -1 + 27 + (-46 - -23)?
-7
Calculate 17 + -2 + (-2 - 3).
10
25 + -27 - (3 - 0 - 5)
0
What is 11 + (6 - 9) + -9?
-1
Calculate (-17 - (-21 + 10)) + -4 + 10 + 19.
19
Evaluate (4 - (-7 - 5)) + 8 + -43.
-19
-5 - (2 + 11 - -9)
-27
What is the value of -1 + 4 + (-20 - (-12 + -9))?
4
What is the value of (4 - (42 - 99)) + -24?
37
What is 31 + (-21 - 0) + (-1 - (4 - 1))?
6
Calculate 4 - (0 + -16 + -11 + 19).
12
Calculate (8 + 5 - 14) + (1 - 3) + 